 by 30?
26
Let r(w) be the first derivative of -w**2 + 28*w - 1. Let c be r(12). Suppose 6*k - c*k = 100. What is the remainder when k is divided by 26?
24
Suppose m - 28 + 3 = -5*v, 3*v - 156 = -10*m. Calculate the remainder when 1183 is divided by m.
13
Let h be (0 - 1)*(25 + -156). Suppose -7*p + 282 = -h. What is the remainder when 227 is divided by p?
50
Let x be (-1 + -14)*42/15. Let j = -30 - x. Suppose 0 = -6*p - 19*p + 1750. Calculate the remainder when p is divided by j.
10
Let o = -298 + 303. Suppose -o*k + z + 264 = 0, -3*z = k - 7*z - 49. What is the remainder when 370 is divided by k?
52
Let h(y) = -12*y + 29. Let u be h(2). Suppose u*c - 370 = 2*g, 2*c + 2*g = 106 + 42. Calculate the remainder when c is divided by 11.
8
Suppose -4*n + 86 = 3*n + 51. Suppose 0 = 3*p - 479 + 107. Calculate the remainder when p is divided by n.
4
Let f(s) = 6*s**2 + 4*s - 8. Let o be f(5). Suppose q - o = 13. Suppose 10*b - 65 - q = 0. Calculate the remainder when 44 is divided by b.
20
Let q = -1909 + 1930. Calculate the remainder when 1905 is divided by q.
15
Let q(g) = -1540*g - 2883. What is the remainder when q(-3) is divided by 116?
113
What is the remainder when 235 is divided by 45*(4/5 - (16 - 18))?
109
Let k(i) = -i**2 + 3*i. Let u(s) = -s**2 - 3*s + 1. Let o be u(-2). Let m be k(o). Suppose 2*g - 33 - 21 = m. Calculate the remainder when 105 is divided by g.
24
Let i(p) = -90*p + 19. Let x be i(3). Let o = -246 - x. What is the remainder when 39 is divided by o?
4
Let s be ((0/(-2))/5)/(-4 - -5). Suppose s = -h - 4*c + 127, -2*h + 99 = 3*c - 165. What is the remainder when h is divided by (-2)/7 - 489/(-21)?
20
Suppose -2*h + 144 = 7*h. Suppose 28 = 21*s - 35*s. Let p(n) = -4*n**3 + 3*n**2 - n - 4. What is the remainder when p(s) is divided by h?
10
Let u(n) = -n**2 + 7*n + 8. Let m(v) = v**2 - 7*v - 7. Let w(s) = -3*m(s) - 4*u(s). What is the remainder when 83 is divided by w(10)?
7
Let q be (4 + (-1005)/45)/(2/(-54)). Suppose q = 110*s - 105*s. Let f = -38 + 63. What is the remainder when s is divided by f?
24
Let i = -8 + 43. Let y = i - 13. Calculate the remainder when (-1)/(-7) + 880/14 is divided by y.
19
Suppose 475 - 1359 = -17*v. Calculate the remainder when 79 is divided by v.
27
Suppose -3*t + 5*o + 1535 = 0, 105*t + 2*o + 1022 = 107*t. Calculate the remainder when 1531 is divided by t.
1
Let y(m) = 384*m + 2111. What is the remainder when y(-5) is divided by 62?
5
Suppose -26*l + 25*l + 15075 = 108*l + 92*l. Let s = -99 - -148. What is the remainder when l is divided by s?
26
Let u = 454 + -269. Suppose -5*m + 0*m = -u. Suppose -2484*n + 2487*n - 557 = p, -p + 363 = 2*n. Calculate the remainder when n is divided by m.
36
Suppose -3*k + 8 = 2*w - 0*w, -4*w = 2*k - 16. Suppose -w*x + 986 = 13*x. Calculate the remainder when x is divided by (1 - -1)*(8 - -2).
18
Let c = -255 + 483. Suppose 0 = -0*w - 2*w + c. Suppose 3*i = -3*r + w, -r + 3*i = -18 - 8. Calculate the remainder when 104 is divided by r.
34
Suppose 3*u = -5*u + 16. Suppose 2*o - 46 = t, -u*o + 0*t + 54 = -5*t. Calculate the remainder when 40 is divided by o.
18
Suppose -5 + 1 = -2*f. Let u(n) = 7*n**2 + 5*n - 13*n**f + 22*n**2 + 4. Calculate the remainder when 44 is divided by u(-1).
14
Let y(b) = 67*b - 37*b - 16 - 19 - 31*b. Let n be y(-12). Let p = 115 + n. What is the remainder when p is divided by 32?
28
Suppose 22*v - 3619 = -22*v + 37*v. What is the remainder when 540 is divided by v?
23
Let b = -84565 - -84627. Let i(z) be the first derivative of -z**3/3 + 7*z**2/2 + 8*z + 2. What is the remainder when b is divided by i(7)?
6
Let j = 24 - 8. Let x(t) = -2*t**3 + 81*t**2 - 30*t - 113. Calculate the remainder when x(40) is divided by j.
15
Calculate the remainder when 12925 is divided by 24/((6 - 2)/((-448)/(-84))).
29
Calculate the remainder when 17/((-238)/(-8316)) + (-2)/1 + 3 is divided by 24.
19
Let p(k) = 121*k**2 + 2*k - 45. Calculate the remainder when p(-3) is divided by 52.
50
Let z be (-5*24/(-150))/((-1)/(-95)). Suppose -5*g + 139 = 2*h, 0*h = h - 4*g - z. Calculate the remainder when 264 is divided by h.
48
Let o = 388 - 319. Suppose 3*w - o - 75 = -2*c, 0 = -5*c + 3*w + 318. Calculate the remainder when c is divided by 17.
15
Let i be 36501/46*2*1. Suppose -i = -24*d + d. What is the remainder when d is divided by 19?
12
Suppose 291*u - 309*u + 21042 = 0. What is the remainder when u is divided by 15?
14
Let d(q) = -q**2 - 13*q + 5. Suppose 0 = 74*k - 1959 - 1963. Calculate the remainder when k is divided by d(-11).
26
Let y(c) = -3 + 3*c**3 - 6*c**3 + 3*c - c + 3*c**2 - 3. Let a be y(-3). Let m = 8 + a. What is the remainder when m is divided by 27?
23
Let s(w) = 3*w**2 + 3*w - 5. Calculate the remainder when s(-12) is divided by 391.
0
Suppose -10 = -5*n - 25, -4*h + 3*n + 1565 = 0. Let t = 436 - h. Suppose -d = -4*c - 16, 2*c - 51 = -4*d + 5*c. What is the remainder when t is divided by d?
11
Suppose q - 4*q + r = -2, 16 = 4*q - 4*r. Let y be 119/(-51)*3/q. Let s(d) = d**2 - 4*d. What is the remainder when s(y) is divided by 11?
10
Let b = -26785 - -26864. Calculate the remainder when 938 is divided by b.
69
Let o = 31 + -18. Let f = o - 5. What is the remainder when (-400)/(-24)*(-126)/(-105) is divided by f?
4
Suppose 5*h = -4*b - b + 680, -b + 5*h = -124. Let s = 629 - 595. What is the remainder when 5/(-15)*-3 + b is divided by s?
33
Let b(x) = -5*x**3 - 10*x**2 - x + 45. What is the remainder when 1106 is divided by b(-3)?
83
What is the remainder when (119/14)/((-114)/(-56) - 2) is divided by 148?
90
Suppose -3*b + 4*b - 22 = 0. What is the remainder when ((-680)/32)/((430/112)/(-43)) is divided by b?
18
Suppose 4*m = d + 27, -2*m + 25 = 3*m. Let l be (d + 1)/((-2)/27). Let g = l + -23. Calculate the remainder when g is divided by 16.
10
Let z(m) = -m + 2. Suppose -21 = 3*r - 0*r. Let h = 6652 - 6639. What is the remainder when h is divided by z(r)?
4
Suppose 140 = 3*q - 13. Calculate the remainder when (-327)/545 + 2016/10 is divided by q.
48
Suppose 0*d + 24 = 2*d - 4*f, 10 = -2*f. Suppose -g = -2*m + 778, -m - d*g = 2*g - 380. What is the remainder when m is divided by 10?
8
Suppose 0 = -5*x + 6*x - 36. Calculate the remainder when x is divided by (25 - (-25 - 2))*(14/(-8) + 2).
10
Suppose 3*x = -5*x + 1104. Suppose x + 270 = 8*o. Calculate the remainder when 199 is divided by o.
46
Suppose 5*d - 27 = 2*x, -4*d + 30 = 5*x - 18. Suppose -3*s = -5 - d. What is the remainder when 19 is divided by s?
3
Let g = -8888 + 9559. Calculate the remainder when g is divided by (-4)/(-14) + 444/14.
31
Suppose 0 = -178*c - 189*c + 1136966. Calculate the remainder when c is divided by 62.
60
Let l = 8369 - 6836. Calculate the remainder when l is divided by 24.
21
Calculate the remainder when (-2)/3*-21*(-5445)/(-90) is divided by 842.
5
Suppose -9*l - 31 - 5 = 0. What is the remainder when 109 is divided by l/(4/(-22) - 0)?
21
Suppose -58*s - 52*s = -98*s - 25260. Calculate the remainder when s is divided by 43.
41
Suppose 602 + 256 = 17*y - 1029. Calculate the remainder when 640 is divided by y.
85
Let n be (44/(-8))/((-6)/(-12)). Let w = 33 - n. What is the remainder when 130 is divided by 8/w - ((-1656)/44)/2?
16
Let r = 21824 - 12133. Calculate the remainder when r is divided by 131.
128
Let o(g) = 15*g - 7. Suppose 3809*x = 3*b + 3812*x - 123, 2*b = 2*x + 14. What is the remainder when o(6) is divided by b?
11
Suppose 4*o = 2*l - 560, 0 = 2*l - 3*l + 2. Let c = o - -168. Let a = -11 - -21. Calculate the remainder when c is divided by a.
9
Let c = 31497 + -27787. Calculate the remainder when c is divided by 266.
252
Suppose 17*f + 353 - 761 = 0. What is the remainder when 302 is divided by f?
14
Suppose -5*i + 4*i + 33 = -5*r, 0 = -r - 2*i. What is the remainder when -10*((-28)/10 + r) is divided by 18?
16
Suppose -5*y + 5*k = -295, -y - 17*k + 19*k + 55 = 0. What is the remainder when 151 is divided by y?
25
Suppose 272 = 4*x - 31*k + 35*k, -k = 5*x - 360. Calculate the remainder when 170 is divided by x.
24
Suppose 17*b - 3436 = -1549. Calculate the remainder when 1263 is divided by b.
42
Suppose 84*h - 494 = 1858. What is the remainder when 471 is divided by h?
23
What is the remainder when (-2)/(1/((-369)/6)) is divided by (9/(-24))/(29